**3/6 + 2*l**2. Determine y(v).
5
Let a(b) = 16*b - 94. Let o be a(6). Let r(p) be the third derivative of 1/6*p**4 - 1/60*p**5 + 8*p**o + 0*p + 0 + 2/3*p**3. What is r(4)?
4
Let u = -1024 + 1021. Let b(a) = a**2 + 8*a + 4. What is b(u)?
-11
Let y(i) = -i**3 - 5*i**2 + i. Suppose 0 = -2*x + 7*x + 4*p + 45, 3*x = 4*p + 5. Determine y(x).
-5
Let x(a) = -9*a**3 - 12*a**2 - 10*a + 11. Let d(b) = -5*b**3 - 6*b**2 - 6*b + 6. Let u(k) = -7*d(k) + 4*x(k). Give u(-5).
-33
Let t(j) = j**3 + 8*j**2 + 8*j + 7. Let z be t(-7). Let r(d) = 7*d - 3*d**2 + d**3 + 2*d**2 - 6*d + 0*d + 15. What is r(z)?
15
Let i be (-2)/4*(0/(-2) - 20). Let l be (-27)/(-4) + 4/16. Let d(z) = 9*z - l*z + 1 - i*z. What is d(-1)?
9
Let i(s) = 6*s**2 - 31*s - 7. Let b(j) = 9*j**2 - 43*j - 10. Let l(p) = -5*b(p) + 7*i(p). What is l(-2)?
-7
Let h(i) = -i - 5. Let p be h(-7). Suppose -2*w = -k - 2*k - 39, 5*k + 1 = -p*w. Let d be (4/w)/((-1)/15). Let c(x) = x**2 + 7*x + 4. Calculate c(d).
-6
Let f(c) be the third derivative of -c**5/60 - c**4/3 + 4*c**3/3 + 232*c**2. What is f(-9)?
-1
Suppose -3*w - x - 41 = 3*x, 5*w + 3*x = -50. Let k(g) = 4*g + 15. Calculate k(w).
-13
Let b(x) be the second derivative of -x**5/20 + 5*x**4/4 - x**3/3 + 10*x**2 + 7*x - 19. Determine b(15).
-10
Let v(w) = 6*w - 13. Let t(i) = i - 1. Let y(c) = 5*t(c) - v(c). What is y(6)?
2
Let m = 5 + 2. Let z(j) = -j**2 + 6*j + 10. Let u be z(m). Suppose 4 = 2*l, 2 = -2*p + p + u*l. Let t(i) = i**2 - 3*i + 1. Give t(p).
5
Let q(f) = f**3 - 18*f - 9*f + 13*f + 6 - f**2 - 11*f**2. What is q(13)?
-7
Let q(x) be the third derivative of -23*x**4/24 + x**3/6 + 213*x**2. Determine q(-3).
70
Let g(x) = x**2 + 13*x - 3. Let r be g(-13). Let z(w) = -w**3 - 2*w**2 - 6. Let b be z(r). Let a be b/(-3) + -2 + 1. Let m(c) = 4*c + 3. Give m(a).
-5
Let l = -11 + 5. Let d(n) = -5*n - 7. Let f(t) = -3*t - 4. Let h(q) = -4*d(q) + 7*f(q). Let u(o) = -6. Let m(c) = 2*h(c) + u(c). Give m(l).
6
Let l(f) = -5*f**2 - f - 3. Let n be ((-6)/8)/(87/24 + -4). Give l(n).
-25
Let s(w) = w**2 + w - 1. Let z be (11/3 - 3) + 17/(-3). Calculate s(z).
19
Let m(u) = u - 9. Let t be ((-100)/(-140))/((-1)/(-7)). Suppose 2*f - 2*s = 2, 2*s = 4*f + 3 - t. What is m(f)?
-9
Let i(d) = 13*d**2 + 4*d + 3. Let o(y) = -52*y**2 - 19*y - 12. Let f(v) = -9*i(v) - 2*o(v). Calculate f(2).
-51
Let c(y) = y**3 - 5*y**2 + 6*y - 4. Suppose 135 = -5*u + 5*p, -4*p - 2 - 18 = 0. Let o be (6/12)/((-4)/u). Determine c(o).
4
Let g(k) = -2*k + 2. Let p(x) = x**3 + 6*x**2 + 6*x. Let s = 28 + -33. Let v be p(s). Determine g(v).
12
Suppose 0 = -2*x - 3 + 7. Let g(r) = -53*r**2 - 4*r + 39. Let v(o) = -29*o**2 - 2*o + 21. Let t(k) = 6*g(k) - 11*v(k). Give t(x).
3
Let g be (-3)/(-18)*8*3 - 3. Suppose 0 = 3*j + 6, 2*r = -2*r - 4*j. Let p(y) = -y**2 - 3*y + 3*y + 2*y**r - y. What is p(g)?
0
Suppose 0 = 3*z + 5*n - 5, -2*z + 5*n - 3 = 2. Suppose -12 = -2*s - z*s. Let c(y) be the second derivative of y**3/6 - 2*y**2 + 171*y. What is c(s)?
2
Let t(k) = -k**2 - 5*k + 2. Suppose -4*f - 3*z = 12, -4*z + 60 - 14 = -5*f. Calculate t(f).
-4
Let i(s) = -s**3 + 4*s**2 - 2*s + 1. Let n(k) = -2*k + 3. Let w be n(-6). Suppose 5*x - 10*x = -w. Give i(x).
4
Let t(m) = -m**3 + 15*m**2 - 15*m + 7. Let s be (-8)/(-6)*(-1386)/(-132). Determine t(s).
-7
Let s(q) = 6*q**3 + 2*q**2 + 4*q + 4. Let j(h) = 7*h**3 + 4*h**2 + 5*h + 6. Let d(b) = -5*j(b) + 6*s(b). What is d(8)?
-14
Let m(v) be the second derivative of 1/6*v**3 + 0 + 4*v - 1/2*v**2. Let o be (-1)/(-7) - 360/70. Determine m(o).
-6
Let o(v) = -v**3 + 2*v**2 + v + 3. Suppose 0 = -3*g + 49 - 37. Give o(g).
-25
Let s(a) = -a**3 + 11*a**2 + 10*a + 27. Let c be s(12). Let w(g) be the first derivative of c*g + 5 - 1/2*g**2. Give w(3).
0
Let f(n) be the third derivative of -n**6/120 - n**5/10 + n**4/6 - n**3/6 + 91*n**2 + 2*n. Determine f(-7).
20
Let n(q) be the third derivative of 10*q**2 + 0*q + 0 + 1/6*q**3 + 1/24*q**4. Calculate n(-5).
-4
Let h(o) = -2*o**2 + 3*o**3 + 0*o - 5*o + 31 - 26. Let v(q) = -4*q**3 + q**2 + 5*q - 5. Let j(k) = -3*h(k) - 2*v(k). What is j(4)?
15
Let p(w) = -4*w**2 + 30*w + 2. Let d(c) = -2*c**2 + 16*c + 1. Let s(t) = -11*d(t) + 6*p(t). Calculate s(3).
-5
Let m(t) = -t**2 - 2*t + 2. Let r be m(-2). Let g(w) = -7*w**2 + 7*w - 11. Let v(l) = 182 - 2*l - 359 + 180 + 2*l**2. Let u(y) = 6*g(y) + 22*v(y). Give u(r).
4
Let b(s) be the second derivative of s**5/20 + 7*s**4/12 - 7*s**3/6 + 7*s**2/2 + 2*s. Let z = -575 - -567. Determine b(z).
-1
Suppose 0 = -5*i - 2 - 3. Let w be 1 + (-4 - (1 + i)). Let u(s) = 5*s**2 - 4*s - 4. Let r(h) = 2*h**2 - 1. Let j(c) = 3*r(c) - u(c). What is j(w)?
-2
Let d(t) = -t**3 - 217*t + 11 - 21*t**2 + 204*t + 9*t**2. Give d(-10).
-59
Let o(p) be the first derivative of p**4/4 - 5*p**3/3 - 6*p**2 - 6*p - 656. Determine o(7).
8
Suppose 3*d - 8*d - 55 = 0. Let l(f) = -9*f - 1. Let h(p) = 46*p + 5. Let x(b) = d*l(b) - 2*h(b). Let c be ((-36)/54)/(4/(-6)). Calculate x(c).
8
Let f(l) be the second derivative of -l**7/840 + l**6/90 - l**5/60 + l**4/8 + 8*l**3/3 + 30*l. Let r(i) be the second derivative of f(i). Determine r(3).
6
Suppose 10*n - 12*n = -5*v + 5, 5*n = 7*v - 7. Let j(m) = -m**2 + m - 9. Determine j(n).
-9
Let p(a) be the first derivative of 3*a**2/2 + 24*a - 17. Calculate p(-10).
-6
Let x(a) be the first derivative of a**2 + 2*a - 14. What is x(-2)?
-2
Let g(f) = 6*f**2 - 3*f - 2*f - 7*f - 3 - f**3 + 8*f. Determine g(4).
13
Let t(k) = -3*k + 3. Let i(s) = -7*s + 5. Let d(c) = 2*i(c) - 5*t(c). Calculate d(10).
5
Let b(j) = j**3 - 6*j**2 - 4*j + 8. Let l = -221 - -227. Determine b(l).
-16
Let l(q) be the first derivative of q**3/6 + 8*q**2 - 27*q - 3. Let b(v) be the first derivative of l(v). Calculate b(0).
16
Let a(c) = c**3 + 4*c**2 + 3*c + 6. Let k(s) = 5*s + 16. Let q(t) = -t - 3. Let p(v) = -2*k(v) - 11*q(v). Let f(d) = -a(d) + 3*p(d). What is f(-4)?
-3
Let n(c) = 4*c**2 + 13 - 7*c + 3*c**2 - 6*c**2 - 4. Let t be n(6). Let x(w) = w**2 + 6*w**2 - 16*w**2 - 2*w + 4*w**2 - 4 - w**t. Give x(-4).
-12
Let m = 12 + -12. Let v(y) be the first derivative of -y**4/4 - y**2/2 + 5*y - 88. Determine v(m).
5
Let m(d) be the third derivative of -d**6/120 + d**5/30 + d**4/6 + d**3/6 - 24*d**2. Suppose 3*a - 4 = -1. Suppose l - 4 = -a. Give m(l).
4
Suppose 2*r - 11 = 5. Let j(i) = 7 - 11 + r + 2*i. Determine j(-3).
-2
Let w(y) be the first derivative of 3 + 0*y**2 - 4/3*y**3 + 0*y + 0*y**4 - 1/40*y**5. Let g(p) be the third derivative of w(p). What is g(3)?
-9
Let n(s) be the first derivative of s**4/4 - 4*s**3/3 + 3*s**2/2 - 4*s + 12. What is n(4)?
8
Let z(d) = d**2 - 6*d + 2. Let r be z(5). Let c = r - -9. Let j = 10 - c. Let h(i) = 4*i - 6. Give h(j).
10
Let w = 1 - -1. Let a(b) = 0*b - b**2 + w - b - 1. Suppose -3*v + v + 10 = 0, -4*h - 5*v = -13. Give a(h).
-5
Suppose -4 - 3 = -v - r, -5*r = -3*v - 11. Suppose 2*z - 24 = 4*c, -c - 11 = -4*z + z. Let t(w) = -3 + 3*w + z*w + 6*w - 5*w. Calculate t(v).
15
Let v(o) = 3*o**3 + 2*o**3 - 3*o**2 - 2*o - 4*o**3 + 0*o**3 - 2. Let i(n) = n + 1. Let j(u) = -2*i(u) - v(u). Calculate j(3).
0
Let z(t) = 26*t - 359. Let a be z(14). Let q(b) = -b**2 + 3*b + 7. What is q(a)?
-3
Let m(c) = -c**2 + 3*c + 8. Let s = 226 - 220. Determine m(s).
-10
Let k(l) be the second derivative of l**4/12 + l**3/3 + l**2 - 5*l. Let o be k(-2). Let z be (o + -7)/5*1. Let a(m) = 6*m. What is a(z)?
-6
Let p(f) = f - 2. Let a(o) = -o**3 + 6*o + 7. Let k be a(-1). Determine p(k).
0
Suppose 0 = -5*g - 0 + 40. Suppose 5*o = 5*n + 10, o - g = 4*n + 3*o. Let k(z) = -3*z**3 - 3*z**2 - 2*z - 1. Determine k(n).
15
Let i(y) = 141 - 75 - 53 - 53 + 3*y. Calculate i(12).
-4
Let m = -70 + 73. Let d(k) be the first derivative of k**4/4 - k**3 - k**2/2 + 3*k - 10. What is d(m)?
0
Suppose 38 - 14 = -4*a + 4*i, -4*a = 4*i - 8. Let r = 51 + -47. Let t(q) = 3*q - 1 - 5*q - q**3 + 2*q**2 + r*q - q**2. What is t(a)?
7
Suppose -4*l = 8, 5*g - 3*l - 22 - 4 = 0. Let p(i) = -3*i**2 + g*i**2 + 6 - 6*i - 2*i. Let r(x) = -x**2 + 104*x - 2215. Let d be r(74). Determine p(d).
-9
Let k(w) = 4*w + 45. Let q be k(-13). Let j(h) = -h**2 - 9*h - 5. Determine j(q).
9
Let a(m) = -9*m + 6*m + m**3 + 0 + 3 - 11 + 2 + 5*m**2. Suppose -u = -2*g - 4*u - 13, -4*u = g + 9. Calculate a(g).
9
Let r(b) = b**2 - 6*b - 7. Let h = -59 - -61. Su